greatest common divisor of h and 4434.
6
Let s be (1650/4 + 1)/((-14)/(-84)). Calculate the highest common factor of 3 and s.
3
Let z = -5 + 6. Suppose 6 = 3*f - 3*w, 2*f - 3*w = 2 + z. Suppose 0 = -5*s + f*x + 105 + 66, -x = 2*s - 75. What is the greatest common factor of s and 9?
9
Let z be -4*(-5 + (-28)/(-8)). Let x(m) = m**3 - 4*m**2 + 4*m - 57. Let a be x(z). Calculate the greatest common divisor of 507 and a.
39
Suppose -5*t = -0*t + 40. Let w be 2/t + 290/8. Let q(x) = 816*x**2 + 77521*x + 99. Let i be q(-95). Calculate the greatest common factor of i and w.
4
Let s(y) = -y**3 + 55*y**2 + 9*y - 439. Let p be s(55). Calculate the highest common divisor of p and 1372.
28
Let y be (192/(-14))/2*(30 - (57 - 20)). What is the highest common divisor of 3184 and y?
16
Suppose -k + 30 = k. Let w(u) = -u**3 - 18*u**2 - 18*u - 17. Let d be w(-17). Let y be (-1 - 1 - d) + -1 + k. What is the highest common factor of y and 30?
6
Let s be 5*3/30*6. Let p be ((-15)/9)/((-35)/105). Calculate the greatest common factor of p and s.
1
Let q be (43/((-1032)/90))/((-2)/536). What is the greatest common divisor of 15 and q?
15
Suppose 8 = 3*a + 17. Let h(j) = 3*j**2 + 8*j + 22. Let r be h(a). Calculate the highest common factor of r and 25.
25
Let u(s) = 4*s + 2. Let b be u(0). Suppose 10 = b*g + 4*j, j = g + g + 5. Let d be ((-172)/8)/(g/2). Calculate the highest common factor of d and 473.
43
Let z(s) = -7*s - 11. Let n be z(8). Let x = n + 102. Suppose -4*c + l + 33 = 0, 3*c = -2*c - 4*l + 15. Calculate the highest common factor of c and x.
7
Let c(k) = k**3 + 133*k**2 - 143*k - 1170. Let p be c(-134). Let l = -15 + 27. What is the greatest common factor of p and l?
12
Suppose -4*t = 2*j - 54, -11*j + 15*j = -3*t + 123. Calculate the greatest common factor of j and 1419.
33
Suppose -3*a + 2*y + 1 = -2*a, -4*a = -y + 3. Let k be a + (-9)/((-27)/60). Let b = k - 3. Calculate the highest common divisor of 2 and b.
2
Let n = -6074 + 6308. What is the highest common factor of n and 648?
18
Let q be (21/2)/((-11950)/(-7000) + (-40)/25). What is the highest common factor of q and 77?
7
Suppose -u - 5*t = -0*u + 20, -5*u + 4*t = 129. Let q = 99 + u. Let g = q + -42. Calculate the greatest common factor of g and 288.
32
Let q be -7 + (0 - -5)*-1. Let x be (q/14)/(-3*4/42). What is the greatest common divisor of x and 6?
3
Let t = 8 - 13. Let a be t + 77 + (1 - 5). Calculate the highest common divisor of a and 4.
4
Suppose -q + 3*q - 148 = -5*j, 5*q = j + 424. Suppose q = 51*x - 44*x. What is the highest common factor of x and 16?
4
Let d = 19798 + -19718. What is the highest common factor of d and 12800?
80
Let a(d) = d**3 - 17*d**2 - 103*d - 42. Let f be a(22). What is the greatest common divisor of 1736 and f?
56
Let k be -2*82*2/4. Let p(w) = 3*w**2 + 78*w - 868. Let m be p(10). Let y = k + m. Calculate the highest common divisor of 52 and y.
26
Let l = 13167 - 3530. Calculate the highest common divisor of l and 23.
23
Suppose -84 = -3*v - 42. Let z be (-2)/4 + 35/v. Suppose 0 = z*j + 5*k - 205 - 233, 3*j - 5*k = 607. Calculate the greatest common factor of 19 and j.
19
Suppose 0 = p - 4*n - 6, 5*n - 81 + 26 = -5*p. Let g(c) = 4*c - 8. Let o be g(13). Let v = -19 + o. Calculate the highest common factor of v and p.
5
Let o(d) = d**2 + 17*d - 60. Let x be o(-20). Suppose x = -2*t + 4*s + 14, 12 = t - 0*s - s. Let z = t - 12. Calculate the greatest common divisor of 40 and z.
5
Suppose 4899 = 46*p - 4761. Calculate the highest common divisor of 1400 and p.
70
Suppose 2*o + 42 = 23*o. Let u(l) = 5*l**2 + 2*l. Let j be u(o). Let r = -112 - -208. What is the highest common factor of r and j?
24
Let b = 4086 - 3256. Calculate the highest common factor of b and 40.
10
Let m(b) = -19*b**2 - 474*b + 57. Let p be m(-25). Calculate the greatest common factor of p and 224.
32
Suppose 13*t = -35 - 30. Let r(g) = g**2 - 3*g - 16. Let b be r(t). Calculate the greatest common divisor of b and 324.
12
Suppose 0 = -2*g - 2*t - t + 562, 3*g - 822 = -t. What is the highest common divisor of 1853 and g?
17
Let l(v) = v**3 + 15*v**2 - 11. Let w be l(-15). Let c = 47 + w. What is the highest common divisor of c and 99?
9
Let h = 1060 - 628. Calculate the greatest common divisor of 128 and h.
16
Suppose -4*m - 583 = -3*q - 1729, -2*m - q + 578 = 0. Suppose -140 = -5*h - 5*a, 0*h - h - 3*a + 20 = 0. What is the highest common factor of m and h?
32
Let f be ((-1533)/(-28))/(4/16). Suppose 4*d + 5*p - p - 912 = 0, -d + 2*p + f = 0. What is the greatest common factor of d and 300?
75
Suppose 4*o - 9*o = -40. Let w be 0/2 + 4/16*0. Suppose -i + w*i = -24. What is the greatest common factor of i and o?
8
Let x(b) = 60*b**2 + 29*b + 93. Let j be x(-7). What is the greatest common factor of j and 20?
10
Suppose -46*n = -44*n - 6. Suppose 0 = -r + n*r - 106. Calculate the highest common factor of 583 and r.
53
Suppose 6*a - 17*a = -44. Suppose -9*q - 6 = -6*q. Let k = q + 14. Calculate the highest common factor of k and a.
4
Let d = -17 - -42. Suppose -3*n = n - 5*v - 46, -3*n + d = v. Let s(i) = 23*i + 3. Let m be s(3). What is the highest common divisor of m and n?
9
Let o be -3 - -3 - (-684)/(-1 - 2). Let d = o + 248. What is the highest common divisor of d and 60?
20
Suppose 2*d - 12*d = -130. Suppose d*s = 17*s - 40. Calculate the greatest common factor of 310 and s.
10
Let t = 29562 + -26902. Calculate the highest common divisor of t and 1260.
140
Let a = -70 + 77. Suppose a*x = 4*x + 42. Suppose 2*b + x = 9*b. Calculate the highest common divisor of 8 and b.
2
Let l(r) = -531*r**3 + 6*r**2 + 10*r + 4. Let q be l(-1). Calculate the highest common factor of q and 2832.
177
Let l = -411980 - -412233. Let r = -155 - -224. What is the greatest common factor of r and l?
23
Let a(g) = 7*g**2 - 33*g - 584. Let d be a(-8). What is the greatest common factor of d and 19200?
128
Let k(x) = 2*x**2 - 3*x - 4. Let j be k(3). Let y = j + 9. Let a be 56/182 - (132354/(-117))/9. Calculate the greatest common factor of y and a.
14
Let u = 8649 + -8176. Calculate the greatest common divisor of u and 258.
43
Suppose x + 4*x - 60 = 0. Let g(z) = 2*z**2 + 5*z**3 - 9*z**3 + 12 + 0*z**2 + 3*z**3 + 15*z. Let m be g(5). Calculate the greatest common factor of m and x.
12
Let d(h) = h**3 - 11*h**2 + 14*h + 18. Let r be d(9). Let u be (1*36*-1)/((-3)/r). Let t = u + 344. What is the highest common factor of 16 and t?
16
Let d(b) = -b**3 + 16*b**2 - 11*b + 116. Let u be d(14). What is the highest common divisor of 6 and u?
6
Let r(f) = f**2 - f + 12. Suppose -u + 3*q = -24, 2*q = -2*u + 6*q + 40. Let z be r(u). Calculate the highest common factor of 16 and z.
16
Suppose 5*p = 7*p - 6. Suppose 0 = -2*o + 4 - 10, w - p*o - 35 = 0. Suppose 3*v - 17 = -5, 0 = -2*d - 2*v + 372. What is the highest common divisor of w and d?
26
Suppose 3*r - 125 = -22*r. Suppose -5*q = r*v - 17 - 23, v + 2*q = 6. What is the greatest common factor of 18 and v?
2
Let a = -2468 + 3788. Suppose 76*c - a = 54*c. Calculate the greatest common factor of c and 24.
12
Let s(n) = 0*n + 62*n**2 - 1 + 7*n - 2 - 61*n**2. Let m be s(-10). Suppose -z + 52 = 5*k, 2*z - m = -5*k + 102. Calculate the greatest common factor of z and 7.
7
Let a = -7322 - -7327. Calculate the highest common divisor of 1455 and a.
5
Let m(y) = 2*y**2 + 72*y - 315. Let f be m(4). Calculate the highest common divisor of 1285 and f.
5
Suppose -2*u + 3*u + 14*u = 300. Let i(a) = -a**3 - 4*a**2 - 2*a. Let d be i(-4). Calculate the highest common divisor of u and d.
4
Let m(q) = q**3 + 5*q**2 - 5*q + 8. Let z be m(-5). Let j = 11 - 82. Let h = -38 - j. What is the greatest common factor of z and h?
33
Let f(p) = -20*p - 70. Let b be f(-6). Calculate the greatest common divisor of 20 and b.
10
Let l be (810/30)/((-2 - -3)/(-22)). Let a = -251 - l. What is the greatest common factor of 49 and a?
49
Let i be -2 + (-72)/(-2) + -1. Let c = -410 + 240. Let m be 1/((-4)/60*3) - c. Calculate the greatest common factor of i and m.
33
Let p(v) be the second derivative of -25*v**3/3 - 180*v**2 + 2*v - 2. Let z be p(-8). What is the highest common divisor of 300 and z?
20
Let v(y) = -y**3 - 18*y**2 - y - 13. Let z be v(-18). Suppose 4*d = 16, z*c - 619 = -4*d + 677. Calculate the highe